 - 153 = 0. Does 10 divide r?
True
Suppose -17*j + 4593 = -2360. Is 10 a factor of j?
False
Let u be (-13)/(-39)*(20 + -2). Suppose -n = -4*n + u. Is n even?
True
Let c(x) = 2*x**2 + 5*x - 3. Let z(k) = k - 3. Let q be z(-2). Let w be c(q). Let a = w - 8. Does 12 divide a?
False
Let k be 2/4*(-17 - -17). Suppose k = -6*w + 31 + 401. Suppose w = 3*q + 9. Is 7 a factor of q?
True
Let t(g) = g**2 - 12*g - 25. Is t(-4) a multiple of 13?
True
Let i(n) = -n**2 + 9*n - 10. Let r be i(8). Does 25 divide -4 + (-2)/r + 128?
True
Let n(h) = 6*h**2 + 11*h - 1. Let m be n(-11). Suppose -w + 364 = 3*j, m = 5*j + 2*w - w. Is 17 a factor of j?
False
Suppose -6*v + 735 = -39. Is v - (7 - 0) - (-2 - -3) a multiple of 11?
True
Let y = 2469 - 1461. Does 18 divide y?
True
Suppose -3*z = 2*j - 126, -357 = -5*j - 0*j + 3*z. Let d = j - 55. Is 6 a factor of d?
False
Suppose -z - 5 = -10. Suppose -5*i - 35 = -z*s, i - 3*s = -s - 12. Does 16 divide (5/(15/(-96)))/i?
True
Let r be 4/(-18) - 29/(-9). Suppose m = -p - 3*m + 40, p - r*m = 75. Is p a multiple of 12?
True
Let t(n) = -9*n**3 + 13*n + 3*n - 12*n - n**2. Does 6 divide t(-2)?
True
Let x(t) be the first derivative of t**5/10 + t**4/12 - t**3/6 + t**2/2 - 2*t - 2. Let h(k) be the first derivative of x(k). Does 6 divide h(2)?
False
Is 187/(1/((-3)/9*-6)) a multiple of 11?
True
Let s be -1*1 + 0 + 9. Let r = -1618 + 1623. Suppose -4*m + s = -3*g + 7*g, -r*g - 4 = 3*m. Does 2 divide m?
False
Let x(z) = z + 11 + 4 + 0*z. Let m = -7 + 7. Is 7 a factor of x(m)?
False
Let y be 3/4*672/4. Suppose 2*r + r - y = 0. Is 19 a factor of r?
False
Suppose 10811*p + 3303 = 10820*p. Is p a multiple of 4?
False
Let w(b) = -b**2 + b + 15. Let q be w(0). Suppose a = 3*j - q, -2*j + 10 = -3*a - a. Suppose -3*v - 2*p + 243 = a, -3*v = 2*v + 5*p - 410. Does 21 divide v?
False
Suppose -r = -3*g + 268, -9*g + 5*r = -6*g - 284. Is g a multiple of 11?
True
Suppose 26 = -3*k + k - 4*q, -5*q = 20. Is 0 + 2 - (k + -74) a multiple of 27?
True
Suppose -3*a + 0*a + 3*q = -9, 2*a + 4*q - 12 = 0. Let o = a + 25. Is 11 a factor of o?
False
Suppose 20*t - 402 = 14*t. Does 10 divide t?
False
Let z(s) = -2*s - 12. Let r be z(-4). Is 26 a factor of r*208/(-6)*6/4?
True
Suppose 0 = 22*l - 35*l + 7280. Is l a multiple of 5?
True
Suppose -14*k + 10*k = -16. Suppose -4*l = -2*q + k, l - 13 = 3*q - 4. Does 32 divide 8*(l + 2)*-12?
True
Suppose -2*u = 2*m, 3*u + 2 = -2*m + 1. Is 12 a factor of (40/(-3) - m)*450/(-30)?
False
Let y = -1210 + 1770. Does 10 divide y?
True
Suppose 1 = -2*k + 2*x - 5, k + 18 = 4*x. Suppose k*u - 112 = 66. Is 9 a factor of u?
False
Let h = 24 - 7. Let z = 43 - h. Is z a multiple of 26?
True
Suppose 2*x = 4*t - 7886, -3973 = -107*t + 105*t - 5*x. Does 33 divide t?
False
Let u = -6 + -15. Let h = -114 - -125. Let z = h - u. Is z a multiple of 16?
True
Suppose 0 = -734*y + 738*y - 1560. Is y a multiple of 13?
True
Let q(j) = 15*j - 207. Is 24 a factor of q(25)?
True
Let f(x) = x + 10. Let n be f(-11). Let p(g) = -g**2 + g - 1. Let z(a) = -7*a**2 + 15*a - 14. Let r(c) = n*z(c) + 5*p(c). Does 21 divide r(6)?
True
Let x(o) = 13*o**2 - 4*o + 5. Suppose 0 = 2*w - 15 - 9. Suppose -18 + w = -3*m. Does 13 divide x(m)?
False
Suppose 2*h + 14 = 2*y, -2*y = 2*y - 20. Is (h + 12/8)*-28 a multiple of 14?
True
Let k(g) = 39*g**2 - g - 7. Let d be k(-4). Suppose d - 71 = 11*a. Does 15 divide a?
False
Let n(a) = a**3 - 6*a**2 + 4*a + 6. Let i be n(5). Let h = 6 - 5. Does 7 divide 11 - -5 - (i + h)?
True
Let l = 917 - 486. Let f = -302 + l. Is 26 a factor of f?
False
Let o be 7/((-14)/(-8)) - 4. Suppose o*p - 3*p = w - 11, -w = 5*p - 17. Suppose t - p*k - 19 = 0, 4*t - 4*k = 2*t + 48. Is t a multiple of 17?
True
Suppose 4*u + 82 = -110. Let y = u - -77. Does 12 divide y?
False
Does 39 divide (8 + (-7)/(-4))/(1/76)?
True
Is 1117/7 + (2 - 11/7) a multiple of 8?
True
Let q(s) = 8*s - 39*s**2 - 34*s**2 + 77*s**2. Does 35 divide q(-7)?
True
Does 49 divide (2 + 191)/(8*(-3)/(-96))?
False
Let d(s) be the first derivative of -s**4/4 + s**3/3 + s**2 - 3*s - 2. Is 14 a factor of d(-4)?
False
Let o(a) = -10*a + 14. Let s be o(8). Is 18 a factor of 2 + 1 - s - (-2 - 1)?
True
Let x(d) = 122*d**3 - 5*d**2 + d + 2. Does 60 divide x(1)?
True
Let a be (-255)/(-2)*288/30. Suppose o = 9*o - a. Is o a multiple of 29?
False
Let a = -9 - -12. Suppose a*o = 2*o - 2*t + 62, -3*o = -5*t - 142. Is 9 a factor of o?
True
Suppose 0 = -4*k + 9*k + 795. Let g = k + 250. Is 13 a factor of g?
True
Suppose 2*t = 284 + 438. Let h = -158 + t. Suppose 3*f - h = 22. Is f a multiple of 25?
True
Let j(z) = z**3 + 4*z**2 - 5*z + 2. Let x be j(-5). Suppose x*i - 3 + 1 = 0. Is 11 a factor of ((-8)/(-2))/i - -18?
True
Is 4/(-10) - 1760/(-25) a multiple of 7?
True
Let f(l) = -3*l**2 + 16*l - 3. Let t(u) = -4*u**2 + 17*u - 2. Let h(g) = -5*f(g) + 4*t(g). Is h(-8) a multiple of 13?
True
Suppose 3*a - 5 = 2*a. Suppose a*n - 3*u - 5 = 0, 25 = 2*u + 3*u. Suppose -n*k - p + 127 + 19 = 0, -k + 34 = -p. Does 18 divide k?
True
Suppose -4*u - 5*m + 2800 = 0, -2*u + 4*m - 7*m + 1400 = 0. Is u a multiple of 28?
True
Suppose 15 = d + 2*d. Is 5 a factor of d?
True
Let n be (-232)/24 - (-2)/3. Suppose -131 = -3*a - 14. Let c = a - n. Is 16 a factor of c?
True
Let a(h) = -h**2 + 14*h + 17. Let x be a(15). Suppose 5*d + 5*c - 185 = 0, -4 + 6 = x*c. Is d a multiple of 6?
True
Is 10*24/150*25 a multiple of 4?
True
Let g = 1652 + -1526. Does 21 divide g?
True
Let w(m) be the second derivative of -m**4/12 - 25*m**3/6 - 11*m**2 - 22*m. Is 8 a factor of w(-18)?
True
Let o(d) = -d**3 + 16*d**2 + 9*d - 34. Let r be o(16). Does 30 divide r + -1 + 1 + -4?
False
Let c(s) = -s - 13. Let o = -27 + 12. Let p be c(o). Suppose -5*m = -u + 16, -3 = p*m - 1. Is 11 a factor of u?
True
Let s(x) = -39*x - 15. Is 3 a factor of s(-1)?
True
Suppose -14 = -3*x - 5*p, 5*x + 0 - 6 = -4*p. Let k be -3 + (x - -8) - -25. Suppose -2*c + 40 = -k. Is c a multiple of 9?
False
Let h = 11 - -139. Let j = h + -56. Is j a multiple of 9?
False
Let u = -676 + 699. Is u a multiple of 7?
False
Suppose 5*j + 3*g - 1005 = 0, 2*j + 40*g - 39*g = 401. Is j a multiple of 17?
False
Let c(x) be the third derivative of x**6/120 - x**5/60 - x**4/6 - x**3 + 18*x**2. Does 15 divide c(6)?
True
Let k(a) be the second derivative of -a**5/20 - a**4/4 - 5*a**3/3 - 2*a**2 - 15*a. Does 12 divide k(-3)?
False
Suppose -5*v + 168 = b, 3*b + 2*v - 464 = -3*v. Let y be b/(-12) + 4/(-6). Let r = y - -23. Is r a multiple of 10?
True
Suppose 5*a - 680 = -3*y, -2*y - 2*a + 460 = 3*a. Is 11 a factor of y?
True
Suppose -2*q - 2*s + 30 = 0, -q + 2 + 33 = -3*s. Let f = 26 - q. Suppose -7*j = -f*j - 69. Does 12 divide j?
False
Let b = 30 - -150. Let p be 47/9 - 2/9. Suppose j + p*j = b. Is j a multiple of 15?
True
Suppose -2*w + 12 = 5*m - 240, 4*w = -3*m + 154. Is 25 a factor of m?
True
Suppose -l + 1487 = l - 5*j, 2*l + j = 1481. Does 26 divide l?
False
Let d be ((-12)/(-8) - -2)*-384. Let p be (-3 - 1) + d/(-7). Is p/(2 - -2) - 3 a multiple of 11?
True
Suppose 244 = 3*d - 5*g - 9, 0 = -3*d - 4*g + 235. Does 3 divide d?
True
Let a(m) = m**2 + m - 2. Let d be (-2)/6 - (-40)/(-15). Let r be a(d). Suppose -160 = -r*c + 124. Is c a multiple of 18?
False
Suppose -5356 = -q - 680. Is q a multiple of 98?
False
Let h = -55 + 57. Suppose -3*x + 4*b = -569, -8*x + h*b - 203 = -9*x. Does 27 divide x?
False
Let m(n) = -n**3 - 11*n**2 - n + 4. Let a be m(-11). Let t = a - 16. Does 3 divide -1*3*3/t?
True
Let s(m) = 11*m**3 - 3*m + 6. Does 8 divide s(3)?
False
Let q = -427 - -1438. Does 37 divide q?
False
Let f = 8 + -14. Let r = 3 + f. Is 8 a factor of 1/(4*r/(-204))?
False
Let k be -28*(1/(4/45))/3. Is (1/(2 - 1))/((-1)/k) a multiple of 15?
True
Suppose 5*a - 2*a = 18. Suppose 0 = 2*q - a - 62. Suppose 0 = 3*w - 5*n - 265 - q, 0 = 4*w + 2*n - 364. Is w a multiple of 31?
True
Let r = 21 - 31. Let q = -15 - -7. Let k = q - r. Is k even?
True
Suppose 2*f = -f + 195. Suppose -3*a + 2*b = -f, -3*a + b + 58 = -9. Suppose 2*i - 69 = a. Is 22 a factor of i?
False
Let k = 202 + -27. Let p = k - 118. Is 12 a factor of (-2)/((-6)/p) - -1?
False
Suppose -i + 6*j = j + 38, -2*i - 2*j = 16. Let g = 42 - i. Is 15 a factor of g?
False
Suppose w = -2*k - 20, -3*w = -5*w + k - 15. Let v(q) = -q**2 - 14*q - 23